e
Is 151844617 a prime number?
True
Is 6020341 a prime number?
True
Is 10231355 composite?
True
Is 52713103 composite?
False
Is 1844291 a prime number?
True
Is 5053 a prime number?
False
Is 5423071 a composite number?
False
Is 17366681 a prime number?
True
Is 255071 composite?
False
Is 1613393 a prime number?
True
Is 13684217 a composite number?
False
Is 2753899 composite?
True
Is 751447 a composite number?
False
Is 286406727 a composite number?
True
Is 54725683 composite?
False
Is 41918663 a composite number?
False
Is 1787693 a prime number?
False
Is 7311737 prime?
True
Is 9780653 a prime number?
False
Is 1715267 a prime number?
False
Is 453041 a prime number?
False
Is 29287117 prime?
False
Is 38882705 a composite number?
True
Is 39654833 a composite number?
False
Is 8050409 a composite number?
False
Is 100933 a prime number?
False
Is 3934757 composite?
True
Is 655419997 a prime number?
False
Is 1147889 composite?
False
Is 406141127 prime?
False
Is 1253533 a composite number?
True
Is 37775017 composite?
True
Is 47857 a prime number?
True
Is 280434551 composite?
False
Is 203949761 a prime number?
True
Is 16413853 composite?
True
Is 40996961 prime?
False
Is 119408813 composite?
False
Is 899 a composite number?
True
Is 50382217 prime?
True
Is 89355203 a composite number?
True
Is 6991459 a prime number?
True
Is 313898671 a prime number?
True
Is 22054211 a prime number?
False
Is 145163537 composite?
False
Is 175417819 prime?
False
Is 23787877 a prime number?
True
Is 2310947 composite?
True
Is 3786449 prime?
True
Is 9166943 prime?
True
Is 253985137 a prime number?
False
Is 11212559 a prime number?
False
Is 183162277 prime?
True
Is 1960345 composite?
True
Is 2429231 a prime number?
False
Is 39818693 prime?
True
Is 11342831 a composite number?
True
Is 314556833 a prime number?
False
Is 5643961 prime?
True
Is 1003467389 a composite number?
False
Is 379682923 composite?
True
Is 35070817 composite?
True
Is 14625371 composite?
True
Is 1761007 prime?
False
Is 394113491 a prime number?
True
Is 10376233 prime?
False
Is 1718861 composite?
False
Is 1234769 composite?
False
Is 536813 composite?
True
Is 148426021 a prime number?
True
Is 47056279 a composite number?
False
Is 18686407 a composite number?
False
Is 1152841 a composite number?
False
Is 60769673 prime?
True
Is 9453199 a composite number?
True
Is 16400015 composite?
True
Is 19728887 composite?
True
Is 1964297 a composite number?
False
Is 781531507 a composite number?
False
Is 6987235 composite?
True
Is 123357655 composite?
True
Is 304140611 a composite number?
False
Is 2325061 a prime number?
True
Is 860690959 a composite number?
False
Is 55535897 prime?
True
Is 25967219 prime?
True
Is 58850149 a prime number?
False
Is 73404811 composite?
True
Is 65777 prime?
True
Is 20416093 prime?
True
Is 684997 composite?
True
Is 1682455 a prime number?
False
Is 155387611 a prime number?
True
Is 7361971 a composite number?
False
Is 884921 a prime number?
True
Is 296261 composite?
True
Is 470119141 a prime number?
True
Is 503521069 a prime number?
True
Is 65229623 prime?
True
Is 14610419 prime?
True
Is 80849 prime?
True
Is 54056395 composite?
True
Is 9776113 a composite number?
False
Is 2223763 prime?
False
Is 17334803 prime?
True
Is 16896661 a prime number?
False
Is 53529782 a prime number?
False
Is 818239619 prime?
True
Is 856507 a composite number?
False
Is 77616937 a composite number?
False
Is 7401211 prime?
True
Is 39641767 a composite number?
True
Is 35918681 prime?
True
Is 883549 prime?
True
Is 1460603 prime?
True
Is 22724417 a composite number?
False
Is 877673 prime?
False
Is 335599 a prime number?
False
Is 1821679 a composite number?
False
Is 3549818 a composite number?
True
Is 291449663 a composite number?
True
Is 62779877 a composite number?
False
Is 10654031 prime?
False
Is 80113 a composite number?
True
Is 104523 a prime number?
False
Is 159148889 a composite number?
False
Is 65070301 a composite number?
False
Is 4508011 prime?
True
Is 154636001 a composite number?
True
Is 115460171 a prime number?
True
Is 91420817 prime?
True
Is 644825157 composite?
True
Is 1956527 a composite number?
False
Is 1202855 prime?
False
Is 6418091 a prime number?
True
Is 53056447 prime?
False
Is 2211383 composite?
True
Is 228726247 a prime number?
True
Is 115352345 a prime number?
False
Is 16187074 a prime number?
False
Is 878209 composite?
True
Is 645431 a prime number?
True
Is 27846019 a composite number?
False
Is 736867 a composite number?
False
Is 1647911 prime?
True
Is 11894317 prime?
True
Is 4138111 composite?
False
Is 27086507 a prime number?
False
Is 82828739 prime?
False
Is 24157363 a composite number?
True
Is 2430311 composite?
True
Is 68378666 composite?
True
Is 785117 prime?
False
Is 549724037 prime?
False
Is 5886563 a composite number?
True
Is 113665603 composite?
False
Is 6361451 a composite number?
True
Is 4777513 prime?
False
Is 18001202 a composite number?
True
Is 4672363 prime?
False
Is 105687979 a prime number?
True
Is 33655907 a composite number?
True
Is 57349541 a prime number?
False
Is 13698709 composite?
True
Is 8753707 a prime number?
True
Is 461062247 a composite number?
False
Is 2645691 composite?
True
Is 39921473 a composite number?
False
Is 1421141 prime?
True
Is 804409 prime?
True
Is 24628679 a prime number?
True
Is 500175829 a composite number?
False
Is 99917711 prime?
True
Is 10542391 a prime number?
True
Is 33304241 a composite number?
True
Is 279395341 a prime number?
False
Is 17101837 composite?
False
Is 878316121 prime?
True
Is 11588653 a composite number?
True
Is 7987667 a prime number?
False
Is 47509759 a prime number?
False
Is 1803469 a prime number?
True
Is 162094953 composite?
True
Is 148623142 prime?
False
Is 33957169 a composite number?
False
Is 14760463 a composite number?
False
Is 251815 a prime number?
False
Is 396800351 composite?
True
Is 2547751 a prime number?
False
Is 93743 prime?
False
Is 4397389 prime?
True
Is 12491741 a prime number?
True
Is 1454207 composite?
False
Is 12198113 prime?
True
Is 1860421 prime?
True
Is 32176171 a composite number?
True
Is 480075623 prime?
True
Is 32532293 composite?
False
Is 12025379 composite?
True
Is 1742383 a composite number?
False
Is 1613753 composite?
True
Is 47493623 prime?
True
Is 1807303 a prime number?
False
Is 43120057 a prime number?
True
Is 965499477 composite?
True
Is 85762207 composite?
False
Is 1304755 prime?
False
Is 87838739 prime?
False
Is 458119 a composite number?
False
Is 1694696957 a composite number?
True
Is 10834643 a composite number?
False
Is 47251327 a prime number?
False
Is 44719009 a prime number?
True
Is 148558117 prime?
False
Is 1903619 prime?
True
Is 2482486 a prime number?
False
Is 649169 a prime number?
False
Is 8676493 composite?
True
Is 21159007 composite?
False
Is 15270149 prime?
True
Is 4562153 a composite number?
False
Is 481171 composite?
False
Is 18319067 prime?
False
Is 33833231 a composite number?
True
Is 2863361 prime?
False
Is 13166861 prime?
True
Is 2081597 a prime number?
False
Is 43114109 a prime number?
False
Is 2163683 composite?
True
Is 52467643 a composite number?
True
Is 2415913 a composite number?
False
Is 118196323 composite?
True
Is 384227 prime?
True
Is 75839749 composite?
False
Is 5317271 prime?
True
Is 37270193 prime?
True
Is 32377589 a composite number?
False
Is 1999927 prime?
False
Is 229004371 a composite number?
True
Is 14326243 prime?
False
Is 79272257 prime?
False
Is 18415109 a composite number?
True
Is 33960881 a prime number?
True
Is 13590383 composite?
False
Is 29542961 a composite number?
True
Is 36936917 composite?
True
Is 610567649 a prime number?
True
Is 4733277 composite?
True
Is 642501491 composite?
False
Is 9055 composite?
True
Is 171141691 composite?
True
Is 59488807 prime?
False
Is 15987521 a composite number?
True
Is 11009237 a prime number?
False
Is 21095509 composite?
True
Is 2985691 composite?
False
Is 355212829 a composite number?
False
Is 13722781 composite?
True
Is 2646071 a prime number?
True
Is 43010126 prime?
False
Is 50019929 a prime number?
True
Is 279421711 a composite number?
False
Is 3985181 a prime number?
True
Is 331475381 prime?
True
Is 75289531 prime?
True
Is 61876637 a composite number?
False
Is 5791762 a prime number?
False
Is 1687073 prime?
